6 = -960. Let d = -15 + a. What is the remainder when 114 is divided by d?
6
Suppose 3*k + 77 = v + 16, 0 = 2*k + 8. Calculate the remainder when (-171 - -107)*(-1)/((-1 + -1)/(-6)) is divided by v.
45
Calculate the remainder when 153 is divided by (8/5)/(-2)*(-10220)/584.
13
Suppose 16*k = 853 - 1470 + 4473. What is the remainder when k is divided by 146?
95
Let u = -182 - -191. Let l(c) = c**2 + 17. Calculate the remainder when l(u) is divided by 28.
14
Suppose -2*m + 8*z + 14954 = 0, -68*m + 64*m - 3*z = -29737. Calculate the remainder when m is divided by 73.
68
Let l(f) = f**2 - 31*f - 3463. What is the remainder when l(111) is divided by 21?
20
Let d(x) = -3*x**3 + 4*x**2 + 10*x + 14. Calculate the remainder when d(-5) is divided by 1/(-3) - (-6972)/126.
54
Let f(g) = g**3 - 5*g**2 - 3*g - 16. Let b be f(6). Suppose -5*w = -i + 41, 5*i - 2*w - 163 = b*w. What is the remainder when i is divided by 9?
4
Let s(c) = -12*c**2 + 82*c - 9. Calculate the remainder when 128 is divided by s(6).
26
Suppose 34*c = 51*c - 4046. Calculate the remainder when c is divided by 23.
8
Let z = 11 + -4. Let k = -52 - -36. Let x(g) = g**2 + 16*g + 5. Calculate the remainder when z is divided by x(k).
2
Suppose -6*g = 6*g - 2775 - 2913. What is the remainder when g is divided by 170?
134
Suppose -780 = 11*l - 7*l. Let n = -175 - l. Calculate the remainder when 97 is divided by n.
17
Let o = -12510 + 12523. What is the remainder when (-6)/((6/2)/(-45)) is divided by o?
12
Suppose 5*q = q - b + 1215, 3*q + 3*b - 900 = 0. Let y = q - 290. What is the remainder when 252 is divided by y?
12
Let x(z) = 3*z**2 + 1 - 4*z**2 + 3*z**2 - z**2. Let s(d) = -6*d**2 - 12*d - 11. Let u(k) = s(k) + 5*x(k). Calculate the remainder when 69 is divided by u(-10).
13
Suppose 5*g + 4*q - 223 = 0, 0*q - 3*q = -5*g + 244. Let f = g + -41. What is the remainder when 78 is divided by ((-123)/f)/((-3)/6)?
37
Suppose y + 5*j = 3*j + 4, 2*y = -3*j + 8. Calculate the remainder when (-24)/(-18)*(8 - (-328)/16) is divided by y.
2
Suppose m = -150*k + 145*k + 1722, 2*m - 348 = -k. What is the remainder when k is divided by 25?
19
Let a = -13193 - -13390. What is the remainder when a is divided by 42?
29
Let h = 2289 - 1512. What is the remainder when h is divided by 19?
17
Let t be (-1)/(-4) + 2510/40. Suppose d = 5*v - t, -2*v + 5*d = 2*d - 20. Calculate the remainder when 102 is divided by v.
11
Suppose -2*d = -2*m + 576, -3*m + 20 + 838 = -d. Let y(l) = l - 12. Let i be y(10). Calculate the remainder when (i - m/6)*-2 is divided by 20.
19
Let j(w) = w**3 + 64*w**2 - 79*w + 12. What is the remainder when j(-59) is divided by 64?
62
Suppose l - 67 = -4*t + 100, -5*t - 5 = 0. What is the remainder when l is divided by 85?
1
Let p(a) = 565*a - 2667. What is the remainder when 1579 is divided by p(5)?
157
Let o(u) = -10*u**3 - 2*u**2 - 4*u - 2. Let j be o(-2). Let m = -6 - -22. Let r = j + m. What is the remainder when r is divided by 24?
22
Let m = -438 - -420. What is the remainder when 71 is divided by (-2)/(4/(-46)) - (m + 16)?
21
Let m = 57 + -49. Let d(s) = -2*s**2 + 15*s + 21. Let f(w) = 4*w**2 - 31*w - 43. Let j(l) = -7*d(l) - 3*f(l). What is the remainder when 39 is divided by j(m)?
11
Let p = -95 + 164. What is the remainder when p is divided by ((-10)/(-480)*32)/((-1)/(-39))?
17
Suppose 5*i = i. Let k = 1582 - 1580. Suppose -2*t + i*w - 3*w = -349, t + k*w - 177 = 0. Calculate the remainder when t is divided by 42.
41
Let y(p) = -81*p + 60. Let x be y(-8). Suppose 6*n + 36 = x. What is the remainder when n is divided by 34?
10
Let d be (0 - -1) + 4 + -15. Let i(l) be the first derivative of -l**2 - 3*l + 44. What is the remainder when 31 is divided by i(d)?
14
Suppose -u + 5*l = -20, 3*l + 8 = -4*u + l. Suppose f - 53 + 51 = u. Let n = 9 + f. What is the remainder when 31 is divided by n?
9
Let d = -26302 + 26318. Let z(r) = -89*r + 3. Calculate the remainder when z(-3) is divided by d.
14
Let r(d) = 2*d + 28. Let v be r(13). Let x be (v/(-18))/(6/8*-2). Suppose -4*w + 21 = 2*s - 107, -x*s = -w + 22. What is the remainder when 89 is divided by w?
29
Suppose 441 = 3*g + 2*h - 1104, 0 = 5*g - 4*h - 2531. Calculate the remainder when g is divided by 74.
67
What is the remainder when (-15 + 7 - -9)*(3 - -6474) is divided by 40?
37
Let f = 520 - 489. Suppose -86 = -9*t + f. Calculate the remainder when 155 is divided by t.
12
Let b = 10372 - 10257. What is the remainder when b is divided by 110?
5
Suppose -4*b = b - 180. Suppose -4*l = -11*g + 10*g + 5, -22*g - 5*l + 296 = 0. Calculate the remainder when b is divided by g.
10
Let h = -1619 - -1765. Calculate the remainder when h is divided by 46.
8
Let h(p) = -3*p**2 + 14 + 5*p**2 - 5*p + 0*p - 6*p. Calculate the remainder when (-44)/(-33)*-3 - (-103)/1 is divided by h(6).
19
Let q be -5*(-5 - (-86)/10). Let c be (-68)/q + (0 - 2/(-9)). Suppose -6*d = -58 + c. What is the remainder when 44 is divided by d?
8
Let r be (6/21)/((-1)/(-28)). Let o = r + -8. Suppose f - 2*g = 3*f - 116, o = 3*g - 15. Calculate the remainder when f is divided by 27.
26
Let m(j) = 5*j**2 + 3*j - 7. Let u(i) = -i**3 + 9*i**2 + 3. Let h be u(9). What is the remainder when m(h) is divided by -1*6/2 - -28?
22
Let x(w) = 13*w - 27. Calculate the remainder when 21 is divided by x(3).
9
Suppose 11793 = 355*g - 3107 - 4625. Calculate the remainder when g is divided by ((-5)/10)/((-2)/24).
1
Let o be 5/2*32/10. Suppose -936 + 324 = -4*m. Calculate the remainder when m is divided by (-3)/(-2) - (-236)/o.
29
Suppose 4*h = -0 + 12. Suppose -22 + 10 = 2*c. Let y(a) = -a**2 - 8*a + 4. Calculate the remainder when y(c) is divided by h.
1
Let a = -9155 - -9305. Calculate the remainder when 2855 is divided by a.
5
Suppose 19*p = 16*p + 3*m + 144, 3*p + 3*m = 120. What is the remainder when 1406 is divided by p?
42
Suppose -4*u - 2*b + b = -92, 4*b = -2*u + 32. Suppose d - 31 = -4*y, 0 = -5*y - 5*d + 15 + 5. Calculate the remainder when u is divided by y.
6
Suppose 86*a = -2205 + 19470 + 9223. What is the remainder when a is divided by 35?
28
Let z = 12376 - 12208. What is the remainder when 830 is divided by z?
158
Let l = 1090 - 890. Calculate the remainder when l is divided by (-2)/(-3) - (-363)/9.
36
Suppose 2*m - 4*g - 48 = -0*m, 5*m = g + 93. Let b(z) be the second derivative of -z**3/3 + 18*z**2 - 11*z. What is the remainder when m is divided by b(15)?
0
Let u = 89 + -109. Let c be (416/u)/(8/(-20)). What is the remainder when (2610/7)/3 - c/182 is divided by 25?
24
Let m(t) = -6*t**3 - 16*t**2 - 55*t - 44. Let p(r) = 2*r**3 + 5*r**2 + 18*r + 15. Let d(c) = 3*m(c) + 8*p(c). What is the remainder when d(-9) is divided by 55?
52
Let c = 848 - 661. Let y = -39 + 60. What is the remainder when c is divided by y?
19
Let i = 3307 + -3142. What is the remainder when 474 is divided by i?
144
Let v be 21188/(-60) - 18/(-135). Let d = 367 + v. Calculate the remainder when 35 is divided by d.
7
Let x = 14 - -34. Suppose -7*v + 6*v = -x. Suppose -6*z + v = -2*z. What is the remainder when 69 is divided by z?
9
Let d(y) = -223*y + 38. Let a be d(1). What is the remainder when 106 is divided by (-136)/(-5) - (-37)/a?
25
Suppose -3*n - 3*g + 12 - 3 = 0, -1 = -2*n - 3*g. Let j = 399 + -245. Let d = j + -133. Calculate the remainder when d is divided by n.
5
Let l(v) = 3*v - 22. Let s be l(13). Calculate the remainder when (-6)/2 + s + -13 - -111 is divided by 29.
25
Suppose -3*j = -4*m - 16 + 444, 3*m - 4*j = 314. Let n = 14176 + -14148. Calculate the remainder when m is divided by n.
26
Let m = 25826 - 18861. Calculate the remainder when m is divided by 86.
85
Suppose -21*q = -67 - 353. Suppose 3*i = -i + q. What is the remainder when 10 is divided by i?
0
Let w = 8860 + -6437. What is the remainder when w is divided by 6?
5
Let y(n) = -164*n - 8. Let t be y(1). What is the remainder when 83 is divided by (2/4)/((-2)/t)?
40
Let o be 0/(-4 - -1) + -1. Suppose 416*b + 24 = 418*b + p, -2*p - 24 = -5*b. What is the remainder when (-6)/(-4)*58 + o is divided by b?
6
Let y = -1283 + 2575. What is the remainder when y is divided by 24?
20
Suppose -4*m + 47 = 3*g + 21, 0 = -6*g - m + 59. Calculate the remainder when 2 - (-8)/(-4) - -58 is divided by g.
8
Let i = -2997 - -3187. What is the rem